6716.
268
What is the highest common factor of 35826 and 798?
42
Calculate the highest common factor of 171 and 117591.
57
Calculate the highest common factor of 503014 and 86.
86
What is the highest common factor of 29616 and 12304?
16
What is the highest common factor of 237513 and 82?
41
Calculate the greatest common factor of 60 and 392655.
15
Calculate the greatest common divisor of 235599 and 105.
21
Calculate the highest common divisor of 31830 and 90.
30
Calculate the greatest common factor of 1123 and 79733.
1123
Calculate the greatest common factor of 5 and 1591295.
5
Calculate the highest common factor of 16280 and 24013.
407
What is the greatest common factor of 745 and 53342?
149
What is the greatest common factor of 143 and 37798189?
143
Calculate the highest common factor of 15 and 67359.
3
Calculate the highest common divisor of 67743 and 386.
193
Calculate the greatest common factor of 270231 and 123.
123
Calculate the highest common factor of 3888 and 2736.
144
Calculate the greatest common factor of 16813 and 1564.
391
What is the greatest common divisor of 465 and 17596065?
465
What is the highest common divisor of 39 and 68003?
13
What is the greatest common divisor of 102026 and 13946?
734
What is the highest common divisor of 4853 and 1081?
23
Calculate the highest common factor of 431 and 119387.
431
Calculate the highest common divisor of 53024 and 480.
32
Calculate the highest common divisor of 531 and 70446.
177
What is the highest common divisor of 8364 and 8976?
204
What is the highest common divisor of 338855 and 990?
55
What is the greatest common factor of 1732409 and 379?
379
Calculate the greatest common divisor of 4788 and 151164.
684
What is the greatest common divisor of 464 and 37552?
16
Calculate the highest common factor of 2528447 and 1459.
1459
Calculate the highest common factor of 12141 and 627.
57
Calculate the highest common divisor of 21935 and 214.
107
Calculate the greatest common divisor of 10 and 36016.
2
Calculate the highest common divisor of 125 and 3435625.
125
Calculate the greatest common factor of 220 and 141460.
220
What is the highest common factor of 67769 and 2005?
401
What is the greatest common factor of 55 and 32472?
11
What is the highest common divisor of 268611 and 84?
21
What is the highest common factor of 325056 and 6336?
192
Calculate the greatest common divisor of 5587 and 296.
37
Calculate the greatest common factor of 331 and 41.
1
Calculate the greatest common divisor of 2081387 and 77.
77
What is the greatest common divisor of 589396 and 1044?
116
What is the highest common divisor of 84 and 1011794?
14
What is the greatest common factor of 11825 and 775?
25
Calculate the greatest common factor of 99594 and 144.
18
Calculate the highest common divisor of 30536 and 44.
44
What is the highest common factor of 99 and 47344?
11
What is the highest common divisor of 1092 and 296088?
156
Calculate the greatest common factor of 965 and 1955.
5
Calculate the greatest common factor of 50 and 51050.
50
What is the greatest common factor of 61 and 3719?
1
Calculate the greatest common divisor of 60 and 17960.
20
Calculate the highest common divisor of 1826 and 561578.
166
Calculate the greatest common divisor of 768448 and 192.
64
Calculate the highest common divisor of 254679 and 4416.
69
Calculate the greatest common divisor of 164 and 1241029.
41
What is the highest common divisor of 2800 and 43750?
350
Calculate the highest common factor of 163948 and 8.
4
What is the highest common factor of 2224768 and 32?
32
Calculate the greatest common divisor of 4625 and 63677.
37
What is the greatest common divisor of 252188 and 12?
4
What is the greatest common factor of 11 and 1818223?
11
Calculate the highest common factor of 638 and 337154.
58
What is the greatest common divisor of 552966 and 1932?
138
What is the highest common divisor of 319 and 11363?
11
What is the highest common divisor of 12692 and 24092?
76
What is the highest common divisor of 15680 and 5537?
49
What is the highest common divisor of 94 and 191666?
94
What is the highest common divisor of 563491 and 163?
163
What is the highest common factor of 2360 and 529820?
1180
Calculate the greatest common factor of 178759 and 126.
7
Calculate the highest common divisor of 14381 and 3349.
197
What is the greatest common factor of 40021 and 5549?
31
What is the greatest common factor of 1043005 and 38?
19
What is the highest common factor of 826 and 218418?
118
What is the greatest common factor of 10 and 8504330?
10
Calculate the greatest common factor of 428340 and 4620.
660
What is the highest common divisor of 52548 and 377?
29
What is the greatest common divisor of 699897 and 167?
167
Calculate the highest common factor of 75509 and 115.
23
Calculate the highest common divisor of 340 and 8820.
20
Calculate the greatest common factor of 1264 and 8453.
79
What is the highest common divisor of 6 and 230766?
6
What is the greatest common factor of 65 and 2788591?
13
What is the greatest common divisor of 65009 and 259?
259
What is the greatest common divisor of 342 and 77634?
342
Calculate the highest common factor of 708078 and 210.
42
Calculate the greatest common divisor of 9455 and 1333.
31
Calculate the greatest common divisor of 14582 and 76714.
634
What is the greatest common divisor of 256 and 457408?
64
Calculate the highest common factor of 7670 and 50150.
590
Calculate the greatest common factor of 865 and 405.
5
Calculate the highest common divisor of 32442 and 246.
6
Calculate the greatest common factor of 39302 and 301.
43
Calculate the greatest common factor of 645 and 1200.
15
What is the greatest common factor of 242 and 183194?
242
Calculate the highest common factor of 1160 and 48.
8
Calculate the greatest common factor of 1260 and 120.
60
Calculate the greatest common factor of 192688 and 8.
8
Calculate the greatest common factor of 220 and 113560.
20
What is the highest common divisor of 173 and 79061?
173
Calculate the highest common divisor of 4697 and 1309.
77
Calculate the greatest common factor of 4255812 and 5808.
1452
Calculate the greatest common factor of 33602 and 689.
53
What is the highest common divisor of 51548 and 8869?
49
What is the highest common divisor of 10291093 and 79?
79
Calculate the greatest common factor of 316 and 825629.
79
Calculate the greatest common divisor of 2327 and 1066.
13
Calculate the greatest common factor of 20000 and 28125.
625
Calculate the highest common divisor of 173 and 360.
1
Calculate the highest common divisor of 172403 and 847.
77
What is the highest common divisor of 101431 and 209?
11
Calculate the greatest common factor of 103818 and 182.
26
What is the greatest common factor of 66038 and 35?
7
Calculate the highest common divisor of 14448 and 18.
6
Calculate the greatest common divisor of 175 and 105.
35
Calculate the highest common divisor of 258 and 372.
6
What is the highest common divisor of 4653 and 136629?
423
Calculate the highest common factor of 72 and 735138.
18
Calculate the highest common divisor of 5338 and 27004.
314
What is the highest common divisor of 1896 and 615568?
632
What is the highest common factor of 272 and 27268?
68
Calculate the greatest common divisor of 15 and 188560.
5
Calculate the highest common factor of 57939 and 2821.
217
Calculate the highest common divisor of 152328 and 924.
132
Calculate the highest common factor of 276233 and 17.
17
Calculate the highest common divisor of 26015 and 86.
43
What is the highest common divisor of 28566 and 30?
6
What is the greatest common divisor of 655 and 1985?
5
Calculate the highest common divisor of 11435 and 125.
5
Calculate the highest common divisor of 88088 and 273.
91
Calculate the highest common divisor of 4650 and 750.
150
Calculate the greatest common divisor of 11495 and 760.
95
Calculate the greatest common divisor of 7792 and 408.
8
Calculate the greatest common factor of 13704 and 744.
24
What is the greatest common factor of 7 and 97503?
7
What is the greatest common divisor of 20688 and 6576?
48
What is the highest common divisor of 13298 and 1744?
218
Calculate the greatest common divisor of 1194896 and 764.
764
What is the greatest common factor o